ist the prime factors of 13458685.
5, 47, 57271
List the prime factors of 21673441.
1997, 10853
List the prime factors of 21265.
5, 4253
List the prime factors of 267968.
2, 53, 79
List the prime factors of 601106.
2, 11, 89, 307
What are the prime factors of 19574750?
2, 5, 13, 19, 317
What are the prime factors of 10376360?
2, 5, 149, 1741
List the prime factors of 4808114.
2, 661, 3637
What are the prime factors of 2056272?
2, 3, 42839
List the prime factors of 6753157.
73, 79, 1171
What are the prime factors of 182583?
3, 20287
List the prime factors of 62602.
2, 113, 277
List the prime factors of 3771874.
2, 43, 61, 719
List the prime factors of 717360.
2, 3, 5, 7, 61
What are the prime factors of 632800?
2, 5, 7, 113
List the prime factors of 8220012.
2, 3, 685001
What are the prime factors of 16890484?
2, 13, 47, 6911
List the prime factors of 287146.
2, 143573
What are the prime factors of 723632?
2, 7, 13, 71
What are the prime factors of 10271557?
179, 57383
What are the prime factors of 67839?
3, 22613
List the prime factors of 795455.
5, 23, 6917
What are the prime factors of 212801?
212801
What are the prime factors of 31302?
2, 3, 37, 47
What are the prime factors of 2773147?
13, 213319
What are the prime factors of 8900586?
2, 3, 23, 21499
List the prime factors of 10513467.
3, 71, 16453
What are the prime factors of 2513320?
2, 5, 19, 3307
What are the prime factors of 182767?
13, 17, 827
What are the prime factors of 109169?
109169
List the prime factors of 1311446.
2, 655723
List the prime factors of 4251634.
2, 103, 20639
What are the prime factors of 20468?
2, 7, 17, 43
List the prime factors of 503237.
7, 29, 37, 67
What are the prime factors of 2084008?
2, 337, 773
List the prime factors of 145960.
2, 5, 41, 89
What are the prime factors of 6148408?
2, 7, 109793
List the prime factors of 17425080.
2, 3, 5, 97, 499
What are the prime factors of 4831749?
3, 13, 61, 677
List the prime factors of 3283141.
3283141
List the prime factors of 10895359.
10895359
List the prime factors of 603861.
3, 201287
List the prime factors of 6994823.
11, 635893
What are the prime factors of 1151815?
5, 7, 32909
What are the prime factors of 696705?
3, 5, 46447
List the prime factors of 6187155.
3, 5, 13, 31729
What are the prime factors of 196272?
2, 3, 29, 47
What are the prime factors of 538768?
2, 151, 223
List the prime factors of 325420.
2, 5, 53, 307
What are the prime factors of 3194819?
271, 11789
What are the prime factors of 136964?
2, 97, 353
List the prime factors of 1230155.
5, 19, 23, 563
List the prime factors of 20198381.
7, 61, 47303
What are the prime factors of 8397388?
2, 17, 123491
What are the prime factors of 424980?
2, 3, 5, 787
What are the prime factors of 397782?
2, 3, 7, 11, 41
List the prime factors of 4389930.
2, 3, 5, 71, 229
What are the prime factors of 10080891?
3, 857, 1307
List the prime factors of 108331.
127, 853
List the prime factors of 2645498.
2, 1322749
What are the prime factors of 969063?
3, 227, 1423
List the prime factors of 5336198.
2, 7, 17, 3203
What are the prime factors of 981432?
2, 3, 43, 317
List the prime factors of 1466781.
3, 19, 25733
What are the prime factors of 8834015?
5, 1766803
What are the prime factors of 1370412?
2, 3, 12689
List the prime factors of 2882487.
3, 960829
List the prime factors of 705675.
3, 5, 97
List the prime factors of 401599.
11, 3319
What are the prime factors of 2320707?
3, 773569
What are the prime factors of 502734?
2, 3, 23, 3643
What are the prime factors of 7422698?
2, 23, 161363
List the prime factors of 2815856.
2, 175991
What are the prime factors of 7680508?
2, 11, 173, 1009
What are the prime factors of 3523788?
2, 3, 97883
List the prime factors of 895311.
3, 31, 3209
What are the prime factors of 6012525?
3, 5, 80167
List the prime factors of 433395.
3, 5, 9631
What are the prime factors of 86908?
2, 21727
List the prime factors of 3199316.
2, 37, 21617
What are the prime factors of 674934?
2, 3, 13, 17, 509
List the prime factors of 355994.
2, 23, 71, 109
What are the prime factors of 3259054?
2, 23, 70849
List the prime factors of 1277864.
2, 7, 19, 1201
What are the prime factors of 403779?
3, 134593
List the prime factors of 3601261.
433, 8317
What are the prime factors of 2860850?
2, 5, 29, 1973
What are the prime factors of 98405?
5, 19681
What are the prime factors of 6957812?
2, 1739453
List the prime factors of 3540455.
5, 708091
What are the prime factors of 4713353?
1381, 3413
What are the prime factors of 79409?
11, 7219
List the prime factors of 316394.
2, 13, 43, 283
What are the prime factors of 347009?
13, 26693
What are the prime factors of 1565547?
3, 17, 30697
What are the prime factors of 7316600?
2, 5, 36583
What are the prime factors of 97202?
2, 7, 53, 131
List the prime factors of 24978113.
109, 229157
List the prime factors of 1335168.
2, 3, 19, 61
What are the prime factors of 2080002?
2, 3, 346667
What are the prime factors of 22981784?
2, 7, 23, 2549
What are the prime factors of 9709303?
9709303
List the prime factors of 3207705.
3, 5, 213847
What are the prime factors of 38926243?
17, 2289779
What are the prime factors of 513361?
19, 41, 659
What are the prime factors of 631905?
3, 5, 103, 409
List the prime factors of 80790.
2, 3, 5, 2693
What are the prime factors of 701435?
5, 7, 409
List the prime factors of 176358.
2, 3, 7, 13, 17, 19
List the prime factors of 267901.
267901
List the prime factors of 221090.
2, 5, 22109
What are the prime factors of 31178?
2, 7, 17, 131
List the prime factors of 32198385.
3, 5, 281, 7639
What are the prime factors of 180768?
2, 3, 7, 269
What are the prime factors of 1191842?
2, 29, 20549
List the prime factors of 216053.
17, 71, 179
List the prime factors of 568267.
7, 81181
What are the prime factors of 129661?
7, 18523
List the prime factors of 262999.
11, 23909
List the prime factors of 66798.
2, 3, 1237
What are the prime factors of 277058?
2, 19, 23, 317
List the prime factors of 901061.
7, 37, 71
What are the prime factors of 295485?
3, 5, 19699
What are the prime factors of 320191?
199, 1609
List the prime factors of 1119327.
3, 11, 107, 317
List the prime factors of 1593853.
19, 149, 563
What are the prime factors of 306640?
2, 5, 3833
What are the prime factors of 118548?
2, 3, 37, 89
List the prime factors of 1344311.
1344311
What are the prime factors of 3513082?
2, 1756541
What are the prime factors of 8324661?
3, 367, 7561
What are the prime factors of 8001759?
3, 137, 19469
List the prime factors of 8518122.
2, 3, 17, 1031
List the prime factors of 228182.
2, 271, 421
What are the prime factors of 10890016?
2, 53, 6421
List the prime factors of 450094.
2, 313, 719
What are the prime factors of 1146536?
2, 19, 397
What are the prime factors of 26814310?
2, 5, 331, 8101
List the prime factors of 1816939.
1193, 1523
List the prime factors of 32430.
2, 3, 5, 23, 47
List the prime factors of 75514.
2, 17, 2221
List the prime factors of 14485988.
2, 11, 71, 4637
List the prime factors of 1056141.
3, 239, 491
What are the prime factors of 16166326?
2, 11, 6073
What are the prime factors of 21557091?
3, 71, 101207
List the prime factors of 1901227.
263, 7229
List the prime factors of 1706704.
2, 106669
What are the prime factors of 902975?
5, 19, 1901
What are the prime factors of 1263752?
2, 7, 22567
List the prime factors of 14108745.
3, 5, 7, 134369
What are the prime factors of 4197773?
821, 5113
List the prime factors of 7207057.
11, 13, 101, 499
List the prime factors of 1125568.
2, 43, 409
List the prime factors of 3510722.
2, 367, 4783
What are the prime factors of 10086066?
2, 3, 17, 10987
List the prime factors of 7605645.
3, 5, 433, 1171
What are the prime factors of 38952?
2, 3, 541
List the prime factors of 69116.
2, 37, 467
What are the prime factors of 3861728?
2, 13, 9283
List the prime factors of 251879.
251879
List the prime factors of 8389.
8389
What are the prime factors of 234058?
2, 11, 10639
List the prime factors of 2979748.
2, 229, 3253
What are the prime factors of 503720?
2, 5, 7, 257
What are the prime factors of 5932709?
5932709
What are the prime factors of 2584380?
2, 3, 5, 19, 2267
List the prime factors of 585370.
2, 5, 58537
List